alculate the remainder when v is divided by 12 - 27/(513/(-1235)).
71
Let i = -16957 + 17158. What is the remainder when 686 is divided by i?
83
Let z(j) = j**2 - 3*j + 2. Let x be z(3). Suppose -x*v = -2, 2*v + 108 = 7*q - 2*q. Let s = -10848 - -10861. Calculate the remainder when q is divided by s.
9
Suppose 2895*s - 2891*s = -a + 5044, -3*a + 2*s + 15048 = 0. Calculate the remainder when a is divided by 162.
160
Calculate the remainder when (-661)/((-27 - -26)/((-33 - 3)/(-3))) is divided by 248.
244
Let g(l) = -l**3 - 9*l**2 - 5*l - 38. Let x be g(-9). Suppose x*y + 348 = 11*y. Calculate the remainder when y is divided by (5*3)/(0 + 1).
12
Let v = -289 - -292. Suppose 3*h = -2*q + 66, v*q - 5*q = h - 66. What is the remainder when 94 is divided by q?
28
Suppose 5698 = 49*z + 1925. What is the remainder when 267 is divided by z?
36
Suppose -5*c + 253 = 218. What is the remainder when 1148 is divided by c?
0
Suppose -10*a + 4342 = 9*a + 1131. What is the remainder when a is divided by 78?
13
Let v = 38531 + -38277. Let s = 0 - -4. Suppose s*m - 91 = 113. What is the remainder when v is divided by m?
50
Let t(v) = -v**2 - 44*v - 242. Let r = 16 + -2. Calculate the remainder when t(-15) is divided by r.
11
What is the remainder when 669 is divided by 28 + 2 + (1 - (2 + -3))?
29
Let m(k) = -343*k - 1674. Calculate the remainder when 244 is divided by m(-5).
39
Suppose 5*z - 4367 = 42*b - 38*b, 5*z + 5*b - 4430 = 0. Calculate the remainder when z is divided by 245.
144
Let r be 3081/26*(-2 - 8/(-3)). Suppose -29 = -9*v + r. What is the remainder when 58 is divided by v?
10
Suppose 0 = 9*b + 4*b - 39. Suppose -5*y - 3 = 3*f, -2*y + 15 = -3*f - b*y. What is the remainder when 134 is divided by ((-7722)/24)/(-9) + f/8?
29
Let h = -5 + 11. Let s = -46 - -46. Suppose 4*v + s*t + t = 81, 3*t = 3*v - 57. What is the remainder when v is divided by h?
2
Suppose 3*m + 4*o = 5*m - 228, 4*o - 188 = -2*m. Suppose 3*y - 24 = -s, -m = -5*s - 3*y + 16. Let z = -216 - -225. What is the remainder when s is divided by z?
6
Let i(u) = 15*u - 2. Suppose -2*f = -5*a + 13 - 23, -4*f + 5*a = -30. What is the remainder when i(10) is divided by f?
8
Suppose -131 - 979 = -6*f. Suppose 0 = 5*c + k - f, -2*k = 5*c - c - 148. Let d = -23 - -43. What is the remainder when c is divided by d?
17
Let q be 12/16 + (-1235)/(-76). Suppose q*v + 2*z - 60 = 14*v, 0 = z. What is the remainder when v is divided by (1*-2)/(-6)*33?
9
Let b = 5364 - 5349. What is the remainder when 3327 is divided by b?
12
Suppose 3*g + 12 = 0, -3*g = 5*q + g - 539. Let l = -92 + q. Let c = 25 - l. Calculate the remainder when 11 is divided by c.
5
Let h = -165 + 165. Let l(s) = 3*s + 76. What is the remainder when l(h) is divided by 26?
24
Suppose 5*q = -13*q + 90. What is the remainder when 187 is divided by q?
2
Let k(c) = 3*c - 13. Let w be k(6). Let o(r) = 11*r - 37. Calculate the remainder when 106 is divided by o(w).
16
Calculate the remainder when (((-82)/3)/(-1))/(-16 + (-6055)/(-378)) is divided by 51.
48
Suppose -5*s = -5*t + 820, -2*s - 815 = -5*t - 16. Calculate the remainder when 2976 is divided by t.
150
Let o = 3377 - 1596. What is the remainder when o is divided by 119?
115
Let h be (-70)/(-21)*3/2. Suppose -9*t + 349 = -74. Let b = t - h. What is the remainder when 167 is divided by b?
41
Suppose 7 = i + 3*f, -4*i - 8 + 57 = 5*f. Let h(t) = -t**3 - 9*t**2 - t + 1. Suppose -12 = 2*r + 8. What is the remainder when h(r) is divided by i?
15
Suppose -5737*v = -23 - 45873. Suppose -2*q - 3*q = -4*t + 5, q - 5*t = -22. What is the remainder when (-222)/(-2) - q/3 is divided by v?
6
Let c(i) = -2*i**2 + 12*i + 34. Let w be c(8). Suppose -236 = -w*q - 4*k, -k = -2*q - 0*k + 226. What is the remainder when q is divided by 9?
6
Let n = -102 + 160. Calculate the remainder when 7 + -62*(5 + (-19)/2) is divided by n.
54
Let c(h) = 4*h + 43. Let v be c(-10). Calculate the remainder when 69 is divided by ((-12)/(-16))/(v/(-2))*-6.
0
Let v(l) = -l**2 - 2*l + 4. Let x be v(0). Let b = x - -11. Let h = b - 5. Calculate the remainder when h is divided by 3.
1
Let x = -185 - -52. Let i = -91 - x. Calculate the remainder when i is divided by (-4)/(-24) + (-477)/(-54).
6
Let v = -4 + 7. Suppose 0 = 21*s + 12396 - 12480. Suppose -5*f + 134 = -4*z, s*f - v*z = 3*f + 29. What is the remainder when f is divided by 14?
12
Suppose 80 = 138*b - 1714. Calculate the remainder when 38127 is divided by b.
11
Let x = 230 - 26. Let b = x - 134. Calculate the remainder when b is divided by 41 - (6 - (5 + -3)).
33
Suppose -784*y = -812*y + 102 + 178. What is the remainder when 2/(-5) - 207/(-5) is divided by y?
1
Suppose 0 = -a - 4*d - 50 - 8, 15 = 5*d. Let k be (-16)/((-384)/(-1323)) - (-2)/16. Let c = k - a. What is the remainder when 57 is divided by c?
12
Suppose -6*p + 2*p - 2*s + 38 = 0, 4*p + s = 35. Calculate the remainder when (-54)/66 + p/(-44) - -91 is divided by 47.
43
Let j = 5434 + -5342. Calculate the remainder when 378 is divided by j.
10
Let d(p) = -2*p - 2. Let u be d(5). Let y(w) be the third derivative of -w**4/12 - 5*w**3/6 + 4382*w**2. Calculate the remainder when 71 is divided by y(u).
14
Suppose 2*x + 5*f = 18, -3*f = 2*x - 5 - 13. Let p be 4/8*2*420. Suppose 13*a = 25*a - p. Calculate the remainder when a is divided by x.
8
Let z = -30 - -33. Suppose u = -3*s + 95, z*u - 2*s - 245 = -s. Suppose 8*c = 299 - 67. Calculate the remainder when u is divided by c.
25
Suppose -67 = -4*c + 53. Suppose 4*x - 4*r = 44, -283*x - 2*r = -284*x + 5. Calculate the remainder when c is divided by x.
13
Let z(n) = -6*n**3 + 20*n**2 - 4*n + 2. What is the remainder when 25 is divided by z(3)?
1
Let w(m) = -2*m - 4. Let i be w(-6). Suppose 0 = -g + 4*l + 18, -i*g + 9*g + 5*l = 0. Calculate the remainder when g is divided by 8.
2
Suppose 8*n = 12*n - 12. Suppose -3*u = 2*z + 19, -12 = -n*z + 4*z + 2*u. What is the remainder when 19 is divided by 1106/154 - z/(-11)?
5
Let t be ((-16)/36 + 4/36)*-21. Suppose 0 = -4*b - j + 79, 5*j = -3*b + 45 - t. What is the remainder when 57 is divided by b?
15
Let r(s) = -6*s + 1346. Calculate the remainder when r(111) is divided by 161.
36
Suppose 4*r = -2*k + 32, -5*r = 11*k - 16*k + 125. Calculate the remainder when 575 is divided by k.
3
Suppose 4*y = 65 + 51. Let c(f) = -f**2 + 17*f - 17. Let d be c(17). Let v = d + 35. Calculate the remainder when y is divided by v.
11
Suppose -6*u + 2*u = -4*r + 6396, 0 = 2*r + u - 3195. What is the remainder when r is divided by 64?
62
Suppose 5*r - 560 = -m - 359, 3*m - 3 = 0. What is the remainder when 267 is divided by r?
27
Let n be (1/(-1))/(11/55). Let d be (-16)/(-10)*-1*n/2. Suppose d*i - 721 - 59 = 0. Calculate the remainder when i is divided by 28.
27
Suppose 10*g - 93*g + 41749 = 0. What is the remainder when g is divided by (112/(-40))/((-2)/10)?
13
Suppose -5*f = 5*a - 660, 2*f + 38*a - 268 = 34*a. Let l(j) = -9*j - 12. Calculate the remainder when f is divided by l(-5).
31
Suppose -a = -13 + 4. Suppose 0*t = 8*t - 24. Suppose 0*v - 4*w = v - 9, -5*v = -t*w - 45. Calculate the remainder when v is divided by a.
0
Suppose 2*c + x - 1010 = 0, 4*x - 711 - 1814 = -5*c. Calculate the remainder when c is divided by 184.
137
Let v = 714 - 280. What is the remainder when 4/(-3)*(v/(-4) + -13) is divided by 35?
22
What is the remainder when 697 is divided by ((-21)/(-7) - (-1 - 2))*(-220)/(-15)?
81
Suppose 8*c - 6*c + 10 = 0. Let h(v) = 9*v**2 + 26*v - 6. Let y(m) = m**3 + 14*m**2 + 10*m - 8. What is the remainder when h(c) is divided by y(-13)?
27
Let h(v) = -3*v + 32. Suppose -2*g - 3 - 7 = -s, s - 10 = -2*g. Calculate the remainder when 9 is divided by h(s).
1
Let t(g) = -g**3 + 18*g**2 - 30*g - 11. Let z be t(16). Let r(n) = -3*n - 5. Let w be r(-3). Suppose w + z = 5*q. What is the remainder when 17 is divided by q?
2
Let q = 2401 + -2213. What is the remainder when q is divided by 49?
41
Suppose 0*s - y = s - 61, -178 = -3*s - 2*y. Calculate the remainder when 1339/4 - 36/48 is divided by s.
54
Suppose 2*v + 28 = -2*v. Let x(j) = -9*j - 2. Let r be x(v). Let q = r - 50. Calculate the remainder when 152 is divided by q.
9
Let z be -10*(3/3)/(-2). Suppose 0 = -3*w - m + 167 - 106, 3*w = m + 47. What is the remainder when (-11)/(-2)*(